 (-100)/350 - (-114)/7.
12
Suppose -2*u = -21*l + 22*l - 332, 0 = -2*u + 4. Calculate the remainder when l is divided by 169.
159
Suppose 2*j - 561*z = -564*z + 711, 0 = 3*j - z - 1094. What is the remainder when j is divided by 7?
6
Suppose r - 8 = 5*z, 3*r - 12 + 0 = 3*z. Suppose 6*m = r*m, 5*f + 2*m = 280. What is the remainder when f is divided by 3?
2
What is the remainder when 1124 is divided by (-1 + -1)*((-1246)/28 + 20)?
46
Let l(h) = h**2 - 5*h + 4. Let a be l(3). What is the remainder when 332/3 + 6/(-9) is divided by (-33)/22 + (-61)/a?
23
Suppose 5*k + i - 372 = 3*i, -160 = -2*k - 2*i. Let y = k + -71. Suppose -3*s + y*s - 34 = 0. What is the remainder when 65 is divided by s?
14
Let a be 2*((-9)/(-2) - (-2 - -4)). Suppose -m - 58 = -a. Let r = 116 + m. What is the remainder when r is divided by 8?
7
Let w(k) = k**2 + 60*k - 373. What is the remainder when 330 is divided by w(9)?
82
Let j(p) = -p**3 - 10*p**2 + 27*p + 39. Let a be j(-12). Suppose 61 = a*k + 5*m, -k - 22 = -2*k - 2*m. Calculate the remainder when 31 is divided by k.
7
Let u(i) = -i**3 - 32*i**2 - 88*i - 27. Let t be u(-29). What is the remainder when 4/12*(179 - (t - -3)) is divided by ((-4)/(-2))/(-1) - -8?
4
Let m be 20/(-4) + (10 - 1). Suppose -p + 76 = 4*f, 239 = m*p + 4*f - f. Calculate the remainder when p is divided by 10.
6
Let h(j) = -2*j**3 - 5*j**2 - 4*j. Let n be h(-2). Suppose -3*f + 4*v = -7*f + 40, 4*v + 48 = n*f. Calculate the remainder when f is divided by 5.
1
Suppose 3*u - 7 = 2*u. What is the remainder when 10*7*12/42 is divided by u?
6
Let b = 364 + -347. Suppose -3*a = -0*a + 450. Let s = -85 - a. Calculate the remainder when s is divided by b.
14
What is the remainder when 8095/(-6 - (4 + -8 - 7)) is divided by 58?
53
Suppose 4*h - 28 = 0, 3*h - 1 = 2*w - 24. What is the remainder when (-130)/(3 + -4) + -1 is divided by w?
19
Let o(b) = -20*b + 1505. What is the remainder when o(-25) is divided by 253?
234
Suppose -4*k + 37 = y, 2*y - 2 + 0 = 0. Let j = 147 + -98. Calculate the remainder when j is divided by k.
4
Let g(i) = i**2 + i - 12. Let o = -10 + 16. Let f be g(o). Suppose 3*c = 78 + f. Calculate the remainder when c is divided by 13.
10
Let q(a) = -2*a**2 - 10*a + 1. Let p be q(-12). Let x = p + 299. Suppose x = 5*v - 78. What is the remainder when v is divided by 22?
20
Let c(i) = 47*i**2 + 14*i + 51. Let s be c(-3). Suppose -17*u + s = -9*u. Calculate the remainder when 119 is divided by u.
11
Suppose 67466 = -10*l + 71*l. Calculate the remainder when l is divided by 37.
33
Let g(b) = -106*b + 12. Let j be g(3). Let z = j + 327. Suppose -80 = -x - 0*x. Calculate the remainder when x is divided by z.
17
Suppose -4*y - 1 = 7, -2*l + y + 1424 = 0. What is the remainder when l is divided by 89?
88
Let k(q) = q**3 - q - 1. Let h be (1 + -2)/((-6 + 4)/(-4)). What is the remainder when (((-44)/(-5))/(-2))/(h/10) is divided by k(2)?
2
What is the remainder when 1985 is divided by 2/(-6) - (-6751)/471?
11
Suppose -97*a = -21541 - 4261. Calculate the remainder when a is divided by 68.
62
Suppose 3 - 9 = m. Let o = m + 12. Let t(q) = 2*q**2 + 5*q - 12. What is the remainder when t(o) is divided by 23?
21
What is the remainder when (-21224)/(-20) - (360/50)/6 is divided by 82?
76
Let u = -4 - -8. What is the remainder when 163 is divided by (-115)/(-2) - u/(-8)?
47
Let v = -530 - -526. Let o = 26 + -46. What is the remainder when 21 is divided by (110/o)/(2/v)?
10
Suppose -3*k = 5*c - 73, 5*c = -11*k + 10*k + 31. What is the remainder when 1465 is divided by k?
16
Suppose 637*m - 78114 - 53745 = 0. Let z(v) = -24 + v + 59 - 2*v + v**3. What is the remainder when m is divided by z(0)?
32
Let v(l) = -l**3 + 22*l**2 - 33*l - 10. Let k be v(15). Suppose 2*o = 0, 12*x - 5*o = 7*x + k. Calculate the remainder when x is divided by 36.
34
Let y be (-1890)/22 - 1/11. Let h = y - -105. Suppose w + 36 = 2*w. What is the remainder when w is divided by h?
17
Let p = -34547 - -37897. Calculate the remainder when p is divided by 10.
0
Let w = 25 + -21. Suppose -w*j = n - 95, 2*n - j - 255 = 4*j. Let b = n + -108. What is the remainder when 41 is divided by b?
6
Let b(u) = -u + 3. Let k be b(5). Calculate the remainder when 540/(-11 + 23)*1/(1 + 0) is divided by -1*(0 + k) - -10.
9
Suppose 7*z = 3294 - 1852. What is the remainder when z is divided by 64?
14
Let j = 11012 - 9621. What is the remainder when j is divided by 458?
17
Let o(x) = 18*x + 1167. What is the remainder when o(3) is divided by 12?
9
Let q be (48/40)/((-4)/(-10)). Suppose -2*n + 5 = -q*l - 17, -56 = 4*l + 4*n. Calculate the remainder when 41 is divided by (15/l + 1)*-22.
8
Let i(h) = h**2 - 9*h - 10. Suppose -655 = -b - 3*b - 563. What is the remainder when i(-8) is divided by b?
11
Suppose 0 = 239*d + 9*d - 35216. What is the remainder when 2548 is divided by d?
134
Let u = -1873 - -1895. What is the remainder when 188 is divided by u?
12
Let u(q) = -204*q + 6636. Calculate the remainder when 739 is divided by u(32).
91
Let b = 3556 + -3503. Calculate the remainder when 686 is divided by b.
50
Let r(k) = -3*k**2 - 11*k + 56. Suppose s = 3*p + 62, -2*p - 286 = -5*s + p. What is the remainder when s is divided by r(-5)?
20
Let h(b) = -194*b + 810. What is the remainder when 8668 is divided by h(4)?
32
Let z be (-18 - -16) + (-68)/(1*-1). Let c = 117 - z. Calculate the remainder when c is divided by 4.
3
Let t be 10/25 - 4/10. Suppose -9*v + 2*v - 70 = t. What is the remainder when 26 is divided by (-3)/1 - 0 - v?
5
Suppose -14*g + 104 = -16*g. Let d = g + 49. What is the remainder when (-6 - -2 - -19) + d is divided by 4?
0
Suppose 3845*a - 299 = 3832*a. Calculate the remainder when a is divided by 6.
5
Let c be ((-85)/20 - 3)/((-1)/(-4)). Let o = 44 + c. Suppose 2*g = g + o. Calculate the remainder when 27 is divided by g.
12
Let r = -83 + 214. Let v = -65 - -75. Calculate the remainder when r is divided by (-4 + 24/9)/(v/(-165)).
21
Suppose -9*s + 27 = -0*s. Suppose 5*t - 139 = s*u, -3*t - 3 = 2*u - 75. What is the remainder when t is divided by 7?
5
Let t = 143 + -23. Let v = t - 111. What is the remainder when 68 is divided by v?
5
Let f be 2272/12 + (4/(-3) - 0). Suppose -q = f - 202. What is the remainder when 55 is divided by q?
13
Let a(q) = 21*q - 50. Let g = -39 + 48. Suppose -g*j + 20 + 25 = 0. Calculate the remainder when 109 is divided by a(j).
54
Suppose -m + 9 = -30. Suppose -6*w = -3*k - 2*w - 116, -3*k + 3*w - 114 = 0. Let l = k + m. What is the remainder when 9 is divided by l?
0
Let v = -18014 - -18162. What is the remainder when v is divided by (1/(-2))/((-2)/304)?
72
Suppose -4 = -15448*i + 15446*i. What is the remainder when 695 is divided by i?
1
Suppose 3*p - 14 - 15 = 4*w, -5*w = 2*p - 27. Suppose 0 = -5*z + 42 - 17, 15 = -4*s + 3*z. Calculate the remainder when (5 - (s + 7)) + 42*1 is divided by p.
7
Suppose 1129 = 15*b - 836. What is the remainder when b is divided by (-84)/20*-4 + (-2)/(-10)?
12
Suppose 8*w - 24*w = -320. Calculate the remainder when -80*5/(75/(-18)) is divided by w.
16
Suppose 6*g - 2*g - 5772 = -4*i, 7225 = 5*g - 5*i. Calculate the remainder when g is divided by 29.
23
Let x = 35127 + -34209. Calculate the remainder when x is divided by 224.
22
Suppose 711*m = 634*m + 14399. Calculate the remainder when 936 is divided by m.
1
Suppose 25*y + 26*y - 522 = -7*y. Calculate the remainder when 2733 is divided by y.
6
Let f(n) = 2*n**3 + 6*n**2 - 11*n + 14. Let c be f(8). Suppose 1329*d = c*d - 1780. What is the remainder when d is divided by 51?
50
Let f = -17312 + 17329. Calculate the remainder when 1849 is divided by f.
13
Let u = 528 - 292. Suppose v - 15*a = -19*a + 77, -2*a = -4*v + u. What is the remainder when v is divided by 32?
29
Let j = 106 - 126. Let g be j/15*9/(-6) - -7. Suppose -g*k + 88 = -236. What is the remainder when 71 is divided by k?
35
Let b(l) = l**2 + 14*l + 25. Let v be b(-20). Let f = v - 110. Suppose -2*q - 2*q = -412. Calculate the remainder when q is divided by f.
33
Suppose 20*f + 5560 = 126520. Suppose 7*t - 4851 = f. What is the remainder when t is divided by 82?
81
Let f = -7324 - -7464. What is the remainder when 541 is divided by f?
121
Suppose 23*k + 19*k = 37*k + 3205. Calculate the remainder when k is divide